= 3, -p + v*g - 11 = -2*p. What is the units digit of p?
2
Let h be 124/10 + 2/(-5). Let t(q) = -5*q + 43. Let o be t(7). Suppose 2*u - 4*g + h = 6*u, -o = -4*u - 2*g. What is the units digit of u?
1
What is the units digit of -2 - 44/(-20) - 2457/(-15)?
4
Let i = -25 + 37. Suppose -38 = -2*u - 0. Let n = i + u. What is the tens digit of n?
3
Let r(s) = s - 7. Let o be r(8). Suppose -3 - o = j. What is the units digit of 82 - 1*(-8)/j?
0
Let b = 8 + -25. Let t be (-28)/10*170/b. Suppose t = 4*m - 3*m + s, 118 = 4*m + 2*s. What is the units digit of m?
1
Suppose -39*h + 40*h = 98. What is the tens digit of h?
9
Suppose m - 13 = -3*k, 5*m - 20 = -0. Suppose -a + 138 = 2*r, k*r + 2*a = 6*a + 229. What is the tens digit of r?
7
Suppose 2*b = -2*b + 104. Let l = 55 - b. What is the tens digit of l?
2
Let m = -31 + 40. Let b be (4/6)/(m/27). Suppose -3*p = l + b*l - 153, 5*p - 264 = -2*l. What is the units digit of p?
4
Let m(u) = -4*u + 1. Let z be m(3). Let l(w) = w**2 - 2*w + 4. Let n be l(4). Let v = n + z. What is the units digit of v?
1
Let s be (16/(-6))/((-2)/(-12)). Let w = -7 - s. What is the units digit of w?
9
Suppose 11*v + 4 - 26 = 0. What is the tens digit of 2 - 2824/(-30) - v/15?
9
Suppose 4*h + r = -9, -2*h - 12 = -6*r + 4*r. What is the tens digit of (-2 - (-2 + h)) + 45?
4
Let d(f) = -f**2 + 9*f + 2338. What is the tens digit of d(0)?
3
Suppose 0 = 3*t + 3*a - 33, t - 21 = -5*a + 2. Suppose 2*m + t = 296. What is the tens digit of m?
4
Suppose -1029*c = -1035*c + 852. What is the units digit of c?
2
What is the hundreds digit of (-1812)/(-15)*(20/(-8))/(-1)?
3
Let n = 21 + -7. Suppose 3*s = n - 2. Suppose 0 = -s*a + 201 - 9. What is the units digit of a?
8
Suppose -2*n - 408 = -10. Let p = -73 - n. What is the tens digit of p?
2
Let b = 124 - 119. What is the units digit of (2*102 - b) + -3?
6
Suppose 15*i + 1448 = 16643. What is the tens digit of i?
1
Let i = -64 + 49. Let m(k) = k**2 + 12*k + 5. What is the tens digit of m(i)?
5
What is the units digit of 919/2 - 10*(-8)/(-32)?
7
Let h(q) = 23*q - 68. Let n be h(10). Suppose 0 = -6*r + n + 1308. What is the tens digit of r?
4
Let q = 189 - 198. Let x(b) = b - 1. Let p(i) = -7*i - 1. Let v(w) = p(w) + 4*x(w). What is the units digit of v(q)?
2
Let c be (-2 + 0)/6*0. Suppose 0 = 4*l - c - 12, 2*l = 4*f - 818. What is the units digit of f?
6
Let m(g) = 182*g - 439. What is the tens digit of m(9)?
9
Suppose 14*h = -18*h + 45216. What is the tens digit of h?
1
Let g(y) = 2*y**3 + 9*y**2 + 11*y - 3. Let t be g(-5). Let i = 180 + t. What is the units digit of i?
7
Let c = 0 - -3. Suppose 0 = c*i - 2*i + 17. Let p = -11 - i. What is the units digit of p?
6
Let l(y) = -y**3 + 18*y**2 - 16*y - 16. What is the units digit of l(16)?
0
What is the units digit of 5/(-1 - -26) + 3548/10?
5
Suppose 4*b - 279 = 705. Let i be (b/8)/(13/(-52)). What is the tens digit of 2/4 - i/6?
2
Let h(l) = 433*l + 22. What is the units digit of h(1)?
5
Let g(x) = 19*x**2 - 6*x + 5. Let z be g(2). What is the units digit of (1 - 0/(2 - 1)) + z?
0
Let j = 2014 + 212. What is the units digit of j?
6
Let u(r) = -6*r - 10. Suppose -2*m + 6*m = -32. What is the units digit of u(m)?
8
Let q be (-2)/(-6)*162/9. Let z = 63 - 35. Suppose -5*g - z = -q*g. What is the units digit of g?
8
Let o = 15 + -11. Suppose t - 80 = -2*z, -4*t = -o*z - 93 - 251. Suppose 0 = 14*a - 10*a - t. What is the tens digit of a?
2
Let f(c) = 25*c - 142. What is the hundreds digit of f(11)?
1
Let p = 1033 + 114. What is the units digit of p?
7
Let b(m) = -9*m - 106. What is the tens digit of b(-32)?
8
Let k(h) = -20*h + 23. What is the tens digit of k(-7)?
6
Let q = 2493 - 1597. What is the tens digit of q?
9
Suppose -h = -2*h + 5. Suppose o = -5*k - 0*k + 20, -3*o - 40 = -h*k. Suppose 3*g = -2*s + 24, -4*s + 9*s - k*g = 110. What is the units digit of s?
8
What is the units digit of -120*((-3)/1 - (-20)/40)?
0
Suppose 137764 = 23*u + 8*u. What is the units digit of u?
4
Let z(q) = -q**3 + 18*q**2 - 17*q + 2. Let o be z(17). Suppose -5*c = m - 272, -o*m = -5*c + 2*m + 262. What is the tens digit of c?
5
Suppose 3*t - 427 = 122. Suppose 0 = 5*v - 232 - t. What is the tens digit of v?
8
Let h(n) = 7*n**2 + n + 12. What is the hundreds digit of h(-8)?
4
Let s(k) = k**3 - 8*k**2 - k + 11. Suppose -2*d + 19 - 3 = 0. Let g be s(d). Let a = 5 + g. What is the units digit of a?
8
Suppose 0 = -5*r + m + 23, 0*m - 12 = 4*m. What is the units digit of (r - -11)/(-3)*-1?
5
Let x(v) = -4*v + 2. Let t be x(-4). Let q = t - -165. What is the hundreds digit of q?
1
Let n(i) = 1389*i**2 - 12*i - 27. What is the hundreds digit of n(-2)?
5
Suppose 0 = -53*r + 73*r - 38860. What is the thousands digit of r?
1
Let b(w) = 10*w + 11 - 7*w + 13*w - 3*w + 2*w**2. Let m(i) = i**3 - 5*i**2 - 4*i + 12. Let x be m(5). What is the tens digit of b(x)?
3
Suppose 2*t + 5 = s, t + 2*t = -2*s + 10. Let z = 6 + -5. Suppose 4*n - s*n = -z. What is the units digit of n?
1
Let v(h) be the second derivative of h**5/20 + 13*h**4/12 - 7*h**3/6 + 4*h**2 - 20*h. What is the tens digit of v(-13)?
9
What is the tens digit of 1/(-5) - (-90960)/300?
0
What is the units digit of (7/(-7))/1*-915?
5
Suppose 4*x - 12 = 0, -124*t + 126*t + 4*x - 718 = 0. What is the hundreds digit of t?
3
Let v(w) = w**3 + 10*w**2 - 12*w - 19. Let g(k) = k**2 - 2*k - 9. Let p be g(0). Let u be v(p). Suppose u = -7*m + 12*m. What is the tens digit of m?
3
What is the tens digit of (6/4)/(-3)*2466/(-3)?
1
Suppose -6*t + t = -25. What is the tens digit of 7/35 + 499/t?
0
Suppose -c - 16 = 19. Let f = 5 + c. What is the units digit of 2/((14/f)/(-7))?
0
Let j(v) = v - 1. Let k(w) = -w**3 - 13*w**2 + 8*w + 30. Let u(l) = -3*j(l) - k(l). What is the units digit of u(-13)?
6
What is the hundreds digit of (-369)/(-6)*(-52)/(-6)?
5
Let d(i) = -2*i**3 + 2*i**2 + 2001. What is the thousands digit of d(0)?
2
Suppose -155 - 2038 = -5*x + 4*h, -4*x - 3*h + 1773 = 0. What is the tens digit of x?
4
Suppose -7517 = -16*n + 755. What is the units digit of n?
7
Suppose -3*t + 7*t + 4 = 0, -3*r - 3*t + 984 = 0. What is the units digit of r?
9
Let h(l) = -6 + 2 + 2*l + 0*l. Let k be h(10). Suppose -k*s + 128 = -12*s. What is the tens digit of s?
3
Suppose 0 = 2*f - 4*f + v + 24, 0 = -2*f - 5*v + 12. Suppose -f*g + 2816 + 572 = 0. What is the tens digit of g?
0
Let s(r) = 2*r - 4. Let p(h) = -3*h + 7. Let j(b) = 3*p(b) + 5*s(b). What is the units digit of j(1)?
2
What is the tens digit of ((-480)/(-18))/((16/(-18))/(-8))?
4
Suppose 3*j + 2*j - 1350 = 5*u, 0 = 5*j + 3*u - 1390. Let l be 0 + 2 + -4 + 7. Suppose 6*q - 5*i - j = q, l*i = -25. What is the tens digit of q?
5
Suppose j = 1 - 5. Let n = j + -3. What is the tens digit of 3/1 + (2 - n)?
1
Let s = 398 + -198. Suppose -6*d + 8*d - s = 0. What is the tens digit of d?
0
Let b(j) = -6*j + 5*j + 2*j + 0*j - 5*j**2 - 19. Let x(m) = -2*m**2 - 9. Let v(u) = -4*b(u) + 9*x(u). What is the units digit of v(-2)?
1
Let k(m) = -m**2 - 8*m + 3. Let d be k(-8). Let h = -12 - -21. Suppose d = z - h. What is the units digit of z?
2
Let z be (1 - 10)*(0 + 3). Let o = z - -30. Suppose -69 - 9 = -2*g + 4*h, 0 = -o*g + 5*h + 118. What is the tens digit of g?
4
Let l(i) = -i**2 + i - 1. Let r(c) = -7*c**2 + 6*c + 3. Let n(t) = 6*l(t) - r(t). Let f be n(-6). Suppose 2*s = 3*s - f. What is the tens digit of s?
2
Suppose g = 38 + 40. Let l = -43 + g. What is the tens digit of l?
3
What is the tens digit of -2 + 7 + (240 - -15)?
6
Suppose 0 = 4*c + 55 + 93. Suppose 3*m + 18 = -3*u, 4*u + 1 = 3*m - 2. Let z = u - c. What is the units digit of z?
4
What is the hundreds digit of (-443287)/(-427) - (-6)/7?
0
Suppose 5*i = -3*k + k + 168, -5*i + 166 = 4*k. What is the units digit of i?
4
Let n(d) = 6*d - 2. What is the tens digit of n(11)?
6
Let f(l) = 3*l - 33. Let z be f(12). Suppose z*r - 170 + 20 = 0. What is the units digit of r?
0
Let o be ((-252)/147)/((-4)/14). Suppose o*n = n. Suppose 2*r + 3*w + 6 = 0, 2*r + 0*r - w - 10 = n. What is the units digit of r?
3
Suppose 3*v - 12 = -0*v. Let s be 115/10 - (-2)/v. What is the units digit of -3 + s*8/12?
5
What is the units digit of -2 - (-1 - (94 - 6))?
7
Let y(j) = j**2 - 12*j. Suppose 4*w - 12 = 44. What is the units digit of y(w)?
8
Let f = -83 + 